493.
3, 73, 3847
What are the prime factors of 34381?
34381
List the prime factors of 8037506.
2, 4018753
List the prime factors of 174408.
2, 3, 13, 43
List the prime factors of 51053.
19, 2687
List the prime factors of 270452.
2, 7, 13, 743
What are the prime factors of 1286435?
5, 257287
What are the prime factors of 338553?
3, 12539
What are the prime factors of 518353?
11, 47123
List the prime factors of 12388765.
5, 41, 223, 271
What are the prime factors of 139174?
2, 7, 9941
List the prime factors of 2328770.
2, 5, 232877
What are the prime factors of 20342793?
3, 6780931
List the prime factors of 413540.
2, 5, 23, 29, 31
What are the prime factors of 2176793?
137, 15889
What are the prime factors of 651483?
3, 7, 383
What are the prime factors of 203344?
2, 71, 179
List the prime factors of 941590.
2, 5, 13, 7243
What are the prime factors of 525419?
17, 31, 997
List the prime factors of 2676144.
2, 3, 127, 439
List the prime factors of 1463775.
3, 5, 29, 673
What are the prime factors of 41362825?
5, 7, 71, 3329
List the prime factors of 552939.
3, 149, 1237
List the prime factors of 10906317.
3, 1211813
What are the prime factors of 3645931?
47, 77573
What are the prime factors of 2829516?
2, 3, 235793
List the prime factors of 27397.
27397
What are the prime factors of 75787?
75787
List the prime factors of 6915249.
3, 11, 23, 3037
What are the prime factors of 600882?
2, 3, 17, 43, 137
What are the prime factors of 3092305?
5, 89, 6949
What are the prime factors of 1326727?
1326727
What are the prime factors of 236707?
236707
What are the prime factors of 15134864?
2, 945929
List the prime factors of 1726226.
2, 19, 45427
List the prime factors of 175268.
2, 43, 1019
List the prime factors of 2408312.
2, 301039
List the prime factors of 213933.
3, 29, 2459
List the prime factors of 12490094.
2, 6245047
List the prime factors of 458443.
359, 1277
What are the prime factors of 20437?
107, 191
List the prime factors of 41038.
2, 17, 71
What are the prime factors of 11198245?
5, 2239649
What are the prime factors of 2473531?
151, 16381
List the prime factors of 8387528.
2, 17, 61673
List the prime factors of 13038753.
3, 7, 13, 6823
List the prime factors of 31849661.
41, 53, 14657
What are the prime factors of 4282612?
2, 53, 20201
What are the prime factors of 3472498?
2, 139, 12491
What are the prime factors of 21239259?
3, 439, 16127
What are the prime factors of 1028993?
7, 17, 8647
What are the prime factors of 1083369?
3, 7, 23, 2243
List the prime factors of 525884.
2, 31, 4241
List the prime factors of 9135.
3, 5, 7, 29
List the prime factors of 600865.
5, 17, 7069
List the prime factors of 121490.
2, 5, 12149
What are the prime factors of 776275?
5, 31051
What are the prime factors of 1550333?
41, 37813
What are the prime factors of 1200543?
3, 139, 2879
What are the prime factors of 1121582?
2, 7, 11, 7283
List the prime factors of 1905647.
109, 17483
List the prime factors of 31999.
11, 2909
List the prime factors of 6390125.
5, 7, 67, 109
List the prime factors of 671689.
359, 1871
What are the prime factors of 168575?
5, 11, 613
List the prime factors of 11630726.
2, 43, 135241
What are the prime factors of 362197?
11, 19, 1733
List the prime factors of 1019632.
2, 63727
What are the prime factors of 4680831?
3, 17, 91781
List the prime factors of 256272.
2, 3, 19, 281
What are the prime factors of 1043141?
11, 37, 233
What are the prime factors of 77489?
77489
What are the prime factors of 174699?
3, 7, 47, 59
List the prime factors of 148325.
5, 17, 349
What are the prime factors of 343981?
11, 31271
List the prime factors of 57206.
2, 28603
List the prime factors of 795919.
73, 10903
What are the prime factors of 1571249?
29, 54181
List the prime factors of 330103.
330103
List the prime factors of 6944822.
2, 3472411
List the prime factors of 1842758.
2, 921379
What are the prime factors of 129909?
3, 13, 3331
List the prime factors of 2140905.
3, 5, 13, 10979
List the prime factors of 877984.
2, 27437
List the prime factors of 669188.
2, 13, 17, 757
List the prime factors of 5060559.
3, 7, 397, 607
List the prime factors of 668698.
2, 334349
What are the prime factors of 9098950?
2, 5, 7, 25997
What are the prime factors of 1759335?
3, 5, 53, 2213
List the prime factors of 1003395.
3, 5, 151, 443
List the prime factors of 2123789.
47, 73, 619
List the prime factors of 2528602.
2, 1264301
List the prime factors of 335977.
19, 17683
What are the prime factors of 20913197?
3257, 6421
List the prime factors of 4139915.
5, 13, 63691
What are the prime factors of 19919155?
5, 17, 234343
What are the prime factors of 157262?
2, 7, 47, 239
List the prime factors of 641924.
2, 160481
What are the prime factors of 2719311?
3, 7, 129491
What are the prime factors of 287473?
103, 2791
List the prime factors of 3079000.
2, 5, 3079
What are the prime factors of 1085635?
5, 179, 1213
What are the prime factors of 1631117?
1631117
List the prime factors of 9012142.
2, 17, 73, 3631
What are the prime factors of 552936?
2, 3, 23039
What are the prime factors of 624767?
11, 13, 17, 257
List the prime factors of 236165.
5, 149, 317
List the prime factors of 10960219.
10960219
What are the prime factors of 104820?
2, 3, 5, 1747
List the prime factors of 369023.
369023
List the prime factors of 3065153.
7, 13, 2591
List the prime factors of 3881268.
2, 3, 131, 823
What are the prime factors of 672023?
11, 199, 307
List the prime factors of 12247946.
2, 61, 100393
What are the prime factors of 4970947?
4970947
What are the prime factors of 3731286?
2, 3, 13, 47837
What are the prime factors of 12213393?
3, 367, 11093
What are the prime factors of 619603?
619603
What are the prime factors of 213209?
213209
What are the prime factors of 1163904?
2, 3, 7, 433
What are the prime factors of 224250?
2, 3, 5, 13, 23
What are the prime factors of 4486182?
2, 3, 233, 3209
List the prime factors of 5078171.
7, 43, 16871
What are the prime factors of 178750?
2, 5, 11, 13
List the prime factors of 891870.
2, 3, 5, 7, 31, 137
What are the prime factors of 8525935?
5, 11, 155017
What are the prime factors of 2245895?
5, 19, 47, 503
List the prime factors of 487588.
2, 79, 1543
List the prime factors of 555946.
2, 137, 2029
List the prime factors of 750972.
2, 3, 62581
List the prime factors of 156841.
156841
What are the prime factors of 1298864?
2, 7, 11597
What are the prime factors of 612585?
3, 5, 13613
What are the prime factors of 27642054?
2, 3, 11, 418819
What are the prime factors of 544181?
11, 61, 811
List the prime factors of 242398.
2, 13, 9323
What are the prime factors of 482295?
3, 5, 11, 37, 79
List the prime factors of 2231377.
313, 7129
What are the prime factors of 9227903?
1063, 8681
What are the prime factors of 24524?
2, 6131
List the prime factors of 1523082.
2, 3, 11, 47, 491
List the prime factors of 1014583.
379, 2677
List the prime factors of 331456.
2, 5179
What are the prime factors of 4393227?
3, 31, 97, 487
List the prime factors of 21324776.
2, 11, 31, 7817
List the prime factors of 1540574.
2, 7, 17, 6473
List the prime factors of 4654719.
3, 17, 10141
List the prime factors of 454926.
2, 3, 75821
List the prime factors of 5842944.
2, 3, 317
List the prime factors of 364879.
364879
What are the prime factors of 529500?
2, 3, 5, 353
List the prime factors of 226885.
5, 45377
What are the prime factors of 212731?
199, 1069
List the prime factors of 239142.
2, 3, 39857
List the prime factors of 540869.
7, 77267
What are the prime factors of 10351263?
3, 13, 265417
What are the prime factors of 542593?
23, 31, 761
What are the prime factors of 897300?
2, 3, 5, 997
What are the prime factors of 1515462?
2, 3, 13, 19429
What are the prime factors of 1129493?
19, 59447
What are the prime factors of 2423403?
3, 293, 919
List the prime factors of 808765.
5, 161753
What are the prime factors of 544312?
2, 19, 3581
What are the prime factors of 7882736?
2, 492671
List the prime factors of 96796.
2, 7, 3457
List the prime factors of 365675.
5, 14627
What are the prime factors of 681994?
2, 41, 8317
List the prime factors of 324653.
7, 19, 2441
List the prime factors of 3287269.
79, 41611
List the prime factors of 641128.
2, 80